?
0
Let r(z) = z**2 - 20*z + 2547. What is the thousands digit of r(85)?
8
What is the units digit of (-161623686)/(-2562) + 2/61?
5
Suppose -22566 = -9*m + 57696. What is the thousands digit of m?
8
Let k = 227 + 6519. What is the tens digit of k?
4
Suppose -w + 312 = 918. Let r = w - -1983. What is the units digit of r?
7
Let h(w) be the second derivative of w**3/6 - 6*w**2 + 8*w. Let b be h(15). Suppose b*x = -9 + 42. What is the units digit of x?
1
Let p(g) = -7*g**3 - 2*g**2 + 3*g - 2. Let f = 17 - 16. Let a be p(f). What is the tens digit of 3 + (-1246)/a - 3/(-12)?
5
What is the tens digit of 315627/143 + 13 - 4/22?
2
Let h(v) = -6680*v**3 + 2*v**2 - 17*v - 17. What is the tens digit of h(-1)?
8
Let j = 585 + -352. Suppose 0 = 2*w - 4*w + 696. Let d = w - j. What is the units digit of d?
5
Let a = -168 + 187. Suppose -a*s - 1909 = -11352. What is the units digit of s?
7
Let l = 6508 + 3380. What is the tens digit of l?
8
Let s be 4 + (-1)/1 + 8. Let z = 26 - s. What is the units digit of (-12)/z - 1836/(-20)?
1
Suppose 0 = -26*n + 35*n - 18. What is the thousands digit of (-1)/n + (-50)/20 - -1104?
1
Suppose -3*z + 5*l = -34, 6 - 1 = 5*z + 2*l. Suppose 3*i = -3*o + 1383, 5*o - 2302 = -z*i + 13. What is the units digit of o?
6
What is the thousands digit of -9*((-5)/3)/(20/9740)?
7
Let d(b) = b**3 + 10*b**2 - b + 14. Suppose 2*w = -30 + 12. Let t be d(w). Suppose -6*i = -7*i + t. What is the units digit of i?
4
What is the hundreds digit of 34311/15 - 87/(-145)?
2
Suppose -4*i + 3503 - 2237 = -9454. What is the units digit of i?
0
Let x(z) = 100*z - 51. Suppose -48*a + 43*a + 25 = 0. What is the units digit of x(a)?
9
Suppose 6*v + 2775 = -2367. What is the tens digit of 2*(1 - v*(-6)/(-12))?
5
Let l be (-80)/30*3/(-2). Suppose l*m = 23 - 387. Let r = m + 310. What is the hundreds digit of r?
2
Let j = 14063 - -8701. What is the tens digit of j?
6
Let b = 185 + -87. Suppose -u + b = -0*u. What is the tens digit of 6/(-2) - 0 - (14 - u)?
8
Suppose 86 = 55*z - 79. Let n(s) = -5 + s**2 - s**3 + 3*s + 0*s**3 + 3*s**2. What is the units digit of n(z)?
3
Let j(o) = 2*o - 15 + 40 - 9*o. Let b be j(3). What is the tens digit of 9/b*304/6?
1
Suppose -3 - 85 = 4*k + 4*h, 106 = -4*k + 5*h. Let s = -22 - k. What is the units digit of (-24)/(-2) + (-1 - s) - 3?
6
Suppose 4*h + 2*o = -o + 352, 3*h + 3*o - 267 = 0. Suppose -2*x + 221 + h = 0. Suppose -c - v + 3*v + x = 0, -c + 153 = 5*v. What is the units digit of c?
3
Let h = -150 + 152. Suppose 3*q = -4*x + 122, -h*x + 6*q + 74 = q. What is the units digit of x?
2
Suppose j + 29*d - 27*d - 429 = 0, 0 = j - 3*d - 409. What is the tens digit of j?
2
Let p = 504 + -232. Suppose p + 398 = 4*j - 2*m, -340 = -2*j + 2*m. What is the units digit of j?
5
Let p(z) = -z**2 - 22*z - 34. Let w be p(-18). Suppose -34*v - 1936 = -w*v. Suppose -2*r = -k - 3*k + v, 3*r - 484 = -4*k. What is the tens digit of k?
2
Suppose -5*b - 67 - 43 = 0. Let y be (-11)/b*(-2)/(-1). What is the units digit of -2*7/(-2) - y/1?
6
Let h be -2*(-2)/(-14) + (-53464)/(-287). Suppose 0 = w + 2*w + 327. Let f = w + h. What is the units digit of f?
7
Let p(h) = 135*h - 4. Let l be (83 - 84)*(-1)/(1 + 0). What is the tens digit of p(l)?
3
Let s = 3701 + -1893. What is the units digit of s?
8
Let o = -5 + 8. Let y(l) = -609 - l**2 - l - 618 + 5*l**3 + 1223. What is the tens digit of y(o)?
1
Suppose -6*p + 1989 = -1497. Suppose -10*y - p = -3*y. Let r = y - -111. What is the tens digit of r?
2
Suppose 2*s - 8 = 0, 2*s + 3*s + 334555 = -5*w. What is the tens digit of 2/8 + w/(-180)?
7
Let h(l) = -l**3 + 28*l**2 + 175*l + 10. What is the units digit of h(33)?
0
Let y be (-65)/50 + 1 - 86/(-20). Suppose t - y*r - 457 = -100, 5*t = -4*r + 1857. What is the units digit of t?
9
What is the ten thousands digit of (-25)/(825/22) - (-69184)/6?
1
Let w(y) = 19*y - 14. Let v be w(1). Suppose 4*r - 2168 = -v*s + 346, 0 = s - 4*r - 522. What is the units digit of s?
6
Let r = -3064 + 7979. Suppose 1936 = 17*m - r. What is the tens digit of m?
0
Suppose 78*s + 42368 = 86*s. What is the units digit of s?
6
Suppose -4*l = -109*n + 105*n + 24996, 0 = 3*n + 3*l - 18759. What is the units digit of n?
1
Let s(g) = 43*g**2 - 11*g - 69. Let j be s(23). What is the tens digit of ((-6)/5)/((-138)/j)?
9
Suppose q = 4*q - 4860. Suppose 18*t + 2*c - 652 = 16*t, -5*c - q = -5*t. What is the tens digit of t?
2
Suppose 8475 = 3*h - 2*x, 32*x - 31*x + 5648 = 2*h. What is the thousands digit of h?
2
Let u = 42789 + -34665. What is the units digit of u?
4
Let f(j) = 3826*j - 3289. What is the units digit of f(12)?
3
Suppose -9*m + 6*m + 3*t + 27 = 0, 2*t + 8 = 0. Suppose -4*w - 5*v + 880 + 717 = 0, m*w - 3*v = 1950. What is the units digit of w?
3
Suppose -46 = -9*n + 89. Suppose -485 = -5*l - 0*l - 2*u, 0 = -3*u + n. What is the tens digit of l?
9
Let u be (-14)/(-2*2/8). Let o = -26 + u. Suppose -2 = -2*k + 2*x + 2, -o*k + 24 = 2*x. What is the units digit of k?
7
Suppose 0 = -29*k + 96 - 9. Suppose k*x - 1265 = 1480. What is the hundreds digit of x?
9
Suppose 4186*t = 4211*t - 42100. What is the thousands digit of t?
1
Let o be -3*-4*(-1)/(-4). What is the tens digit of 6 - o*(-161)/7?
7
Suppose -2*d = 3*x - 0 - 60, 80 = 4*x + 4*d. Suppose -1855 = -x*u + 2945. What is the hundreds digit of u?
2
What is the tens digit of ((-259)/(-21) + -6)*(2 - -3085)?
5
Suppose 166 + 134 = 4*k. Let v = -58 + k. What is the hundreds digit of (3434/v*(0 - 2))/(-2)?
2
Let a = 122 + -18. Let i = 693 + -662. Suppose f = -3*w - w + a, w - f = i. What is the units digit of w?
7
Let g(j) = -1349*j - 40. What is the tens digit of g(-4)?
5
Suppose 1828711 = 62*f - 592838 + 349757. What is the thousands digit of f?
3
Let x = -1172 - -12307. What is the ten thousands digit of x?
1
Let m(x) = 8*x - 32. Let q be m(11). Suppose 5*n + q = -l - 53, -2*l = -5*n + 218. What is the units digit of 2/(-1 + -1)*l?
9
Let b = 4 - 219. Let c = 491 + b. What is the tens digit of c?
7
Let w = -208 + 138. What is the hundreds digit of (-3)/10 + (-65821)/w?
9
Suppose 9*d + 0 - 90 = 0. Let l(z) = -37 - 3*z + d*z + 5*z - 15. What is the hundreds digit of l(21)?
2
Let n be (-608)/5 + 2/(-5). Let s = n - -208. Suppose s = 3*k - 76. What is the tens digit of k?
5
Let a(d) = 112*d**2 - 219*d - 3337. What is the hundreds digit of a(-17)?
7
Let b(h) = h**3 - 14*h**2 + 13*h + 3. Let a be b(13). Suppose 15 = 3*p - 3*o, -o = a*o. Suppose -138 - 612 = -p*r. What is the units digit of r?
0
Let s be 3 - (-8)/(-12)*21. What is the tens digit of ((-4169)/(-33) + s)/(2/9)?
1
Suppose -774 = 12*w + 2682. Let l = -234 - w. What is the tens digit of l?
5
Let y(t) = 2797*t + 3653. What is the ten thousands digit of y(21)?
6
Let z(g) = 13*g - 16. Let n(h) = 3*h + 11. Suppose -5*d = 2*d. Let u be n(d). What is the tens digit of z(u)?
2
Let b(h) = h**2 - 6*h - 9. Let p be b(8). Suppose -6 - 22 = -p*v. Suppose 0*i - 1096 = -4*i + 4*n, -2*n + 1084 = v*i. What is the hundreds digit of i?
2
Suppose -59*w + 1063888 = -8*w + 47*w. What is the units digit of w?
6
Let l = -123 + 125. Suppose 0 = -2*h + 2*n + 1000, -l*n = 5*h - 1435 - 1093. What is the units digit of h?
4
Let q(c) = 231*c + 192. Let x(z) = 231*z + 192. Let y(t) = -3*q(t) + 4*x(t). What is the hundreds digit of y(5)?
3
Let u(q) = 10*q - 12 + 0*q - 4 - 3*q. What is the tens digit of u(6)?
2
Let t = 167 + -113. Let y be 117/t + (-1)/6. Suppose -3*q = -4*q + 2*p + 122, y*q - 228 = -4*p. What is the hundreds digit of q?
1
Let m be 4/9 + 560/(-126). Let t(a) = -83*a + 93. What is the units digit of t(m)?
5
Let w = -538 + 541. Suppose 5*v + 3*n = 1588 + 183, -3*n + 1065 = w*v. What is the units digit of v?
3
Suppose -1 = 2*q - 5. Suppose q*j - 263 + 59 = 0. What is the units digit of 84/(-63)*j/(-2)?
8
Suppose 0 = 5*t + 100*w - 105*w - 133805, -3*t = 4*w - 80262. What is the thousands digit of t?
6
Let i(l) = -l**3 + 22*l**2 + 39*l - 60. What is the units digit of i(15)?
0
What is the hundreds digit of 262975/40 - 3/8?
5
Suppose 140*m = 57*m + 306 + 275. Let c(q) = 11 + 15*q - 9*q**2 + 2*q**3 - q**3 + 5. What is the tens digit of c(m)?
2
Suppose 2*a = 39 + 49. Let z = a - 40. Suppose 211 = z*s - 193. What is the tens digit of s?
0
Suppose 7*z = -3*o + 5*z - 406, -2*o = -4*z + 260. Let k